CRAN Package Check Results for Package cryptowatchR

Last updated on 2025-02-19 22:51:46 CET.

Flavor Version Tinstall Tcheck Ttotal Status Flags
r-devel-linux-x86_64-debian-clang 0.2.0 1.97 19.05 21.02 OK
r-devel-linux-x86_64-debian-gcc 0.2.0 1.54 15.43 16.97 OK
r-devel-linux-x86_64-fedora-clang 0.2.0 34.15 OK
r-devel-linux-x86_64-fedora-gcc 0.2.0 31.51 OK
r-devel-macos-arm64 0.2.0 17.00 OK
r-devel-macos-x86_64 0.2.0 25.00 OK
r-devel-windows-x86_64 0.2.0 3.00 44.00 47.00 OK
r-patched-linux-x86_64 0.2.0 2.27 18.33 20.60 OK
r-release-linux-x86_64 0.2.0 1.94 18.09 20.03 OK
r-release-macos-arm64 0.2.0 17.00 OK
r-release-macos-x86_64 0.2.0 21.00 OK
r-release-windows-x86_64 0.2.0 4.00 3.00 7.00 FAIL
r-oldrel-macos-arm64 0.2.0 16.00 OK
r-oldrel-macos-x86_64 0.2.0 20.00 OK
r-oldrel-windows-x86_64 0.2.0 4.00 55.00 59.00 OK

Check Details

Version: 0.2.0
Check: package dependencies
Result: FAIL
Flavor: r-release-windows-x86_64

  翻译: